{"id":149,"date":"2017-05-26T12:29:53","date_gmt":"2017-05-26T12:29:53","guid":{"rendered":"http:\/\/www.sutequim.com\/?page_id=149"},"modified":"2017-05-26T12:29:53","modified_gmt":"2017-05-26T12:29:53","slug":"descarbonizante","status":"publish","type":"page","link":"https:\/\/sutequim.com\/?page_id=149","title":{"rendered":"DESCARBONIZANTE"},"content":{"rendered":"<h4><img loading=\"lazy\" decoding=\"async\" class=\"size-full wp-image-264 alignright\" src=\"https:\/\/sutequim.com\/wp-content\/uploads\/2017\/05\/descarbonizante.jpg\" alt=\"\" width=\"250\" height=\"250\" srcset=\"https:\/\/sutequim.com\/wp-content\/uploads\/2017\/05\/descarbonizante.jpg 250w, https:\/\/sutequim.com\/wp-content\/uploads\/2017\/05\/descarbonizante-150x150.jpg 150w\" sizes=\"auto, (max-width: 250px) 100vw, 250px\" \/>Caracter\u00edsticas:<\/h4>\n<ul>\n<li style=\"text-align: justify;\">Es un limpiador l\u00edquido con una capa de protecci\u00f3n para evitar su evaporaci\u00f3n.<\/li>\n<li style=\"text-align: justify;\">Es muy econ\u00f3mico, se aplica por inmersi\u00f3n y es reutilizable durando muchos meses.<\/li>\n<li style=\"text-align: justify;\">Remueve con rapidez el carb\u00f3n, los desechos, el cieno, las gomas, los dep\u00f3sitos de etilo y pintura.<\/li>\n<li style=\"text-align: justify;\">Puede emplearse eficazmente para carburadores, cilindros maestros, bombas de combustible, pistones, rejillas de filtros, piezas de motores diesel, maquinarias, cadenas transportadoras.<\/li>\n<li style=\"text-align: justify;\">Es de gran utilidad en la industria textil, metalmec\u00e1nica, automotriz, marina y construcci\u00f3n.<\/li>\n<li style=\"text-align: justify;\">Su capa selladora evita la evaporaci\u00f3n de su capa limpiadora.<\/li>\n<li style=\"text-align: justify;\">No da\u00f1a los metales cuando se usa de acuerdo a las instrucciones, no oscurece el metal blanco durante el tiempo necesario para efectuar la limpieza.<\/li>\n<li style=\"text-align: justify;\">No es inflamable, no contiene Tetracloruro de carbono.<\/li>\n<li style=\"text-align: justify;\">Puede enjuagarse con agua, no requiere de enjuagues con solventes.<\/li>\n<li style=\"text-align: justify;\">Es un producto muy econ\u00f3mico, su formulaci\u00f3n esta desarrollada para lograr un mayor rendimiento, pudiendo durar de (3) a (4) veces m\u00e1s que cualquier similar.<\/li>\n<\/ul>\n<h4>\u00a0Usos:<\/h4>\n<ul>\n<li style=\"text-align: justify;\">Solo para ser usado en limpieza por inmersi\u00f3n, una vez limpia la pieza, escurrir bien para evitar la perdida de producto y lavar con fuerte chorro de agua a presi\u00f3n.<\/li>\n<li style=\"text-align: justify;\">Quitar todas las partes de goma, empacaduras, membranas, cables, antes de sumergir la pieza.<\/li>\n<li style=\"text-align: justify;\">No requiere calor, no se use en tanques con agitaci\u00f3n o chorro de burbujas, esto para evitar que el solvente se evapore.<\/li>\n<li style=\"text-align: justify;\">Es de acci\u00f3n r\u00e1pida, requiere menos de (2) horas a\u00fan para las limpiezas m\u00e1s pesadas, regularmente toma treinta minutos. Los metales blancos no deben permanecer m\u00e1s de 45 minutos.<\/li>\n<li style=\"text-align: justify;\">No trasiegue parcialmente el producto del envase al tanque, podr\u00eda separar las capas (selladora y limpiadora), vac\u00ede completamente el contenido en el tanque de inmersi\u00f3n, mantener cerrado con tapa el tanque.<\/li>\n<\/ul>\n","protected":false},"excerpt":{"rendered":"<p>Caracter\u00edsticas: Es un limpiador l\u00edquido con una capa de protecci\u00f3n para evitar su evaporaci\u00f3n. Es muy econ\u00f3mico, se aplica por inmersi\u00f3n y es reutilizable durando muchos meses. Remueve con rapidez el carb\u00f3n, los desechos, el cieno, las gomas, los dep\u00f3sitos de etilo y pintura. Puede emplearse eficazmente para carburadores, cilindros&#8230;<\/p>\n<p> <a class=\"continue-reading-link\" href=\"https:\/\/sutequim.com\/?page_id=149\"><span>Continue reading<\/span><i class=\"crycon-right-dir\"><\/i><\/a> <\/p>\n","protected":false},"author":8,"featured_media":0,"parent":91,"menu_order":0,"comment_status":"closed","ping_status":"closed","template":"","meta":{"footnotes":""},"class_list":["post-149","page","type-page","status-publish","hentry"],"_links":{"self":[{"href":"https:\/\/sutequim.com\/index.php?rest_route=\/wp\/v2\/pages\/149","targetHints":{"allow":["GET"]}}],"collection":[{"href":"https:\/\/sutequim.com\/index.php?rest_route=\/wp\/v2\/pages"}],"about":[{"href":"https:\/\/sutequim.com\/index.php?rest_route=\/wp\/v2\/types\/page"}],"author":[{"embeddable":true,"href":"https:\/\/sutequim.com\/index.php?rest_route=\/wp\/v2\/users\/8"}],"replies":[{"embeddable":true,"href":"https:\/\/sutequim.com\/index.php?rest_route=%2Fwp%2Fv2%2Fcomments&post=149"}],"version-history":[{"count":0,"href":"https:\/\/sutequim.com\/index.php?rest_route=\/wp\/v2\/pages\/149\/revisions"}],"up":[{"embeddable":true,"href":"https:\/\/sutequim.com\/index.php?rest_route=\/wp\/v2\/pages\/91"}],"wp:attachment":[{"href":"https:\/\/sutequim.com\/index.php?rest_route=%2Fwp%2Fv2%2Fmedia&parent=149"}],"curies":[{"name":"wp","href":"https:\/\/api.w.org\/{rel}","templated":true}]}}