{"id":166,"date":"2017-05-26T12:51:25","date_gmt":"2017-05-26T12:51:25","guid":{"rendered":"http:\/\/www.sutequim.com\/?page_id=166"},"modified":"2020-09-16T13:58:54","modified_gmt":"2020-09-16T13:58:54","slug":"detergente-germicida-yodado","status":"publish","type":"page","link":"https:\/\/sutequim.com\/?page_id=166","title":{"rendered":"DETERGENTE GERMICIDA YODADO"},"content":{"rendered":"<h4><img loading=\"lazy\" decoding=\"async\" class=\"size-medium wp-image-627 alignright\" src=\"https:\/\/sutequim.com\/wp-content\/uploads\/2020\/09\/jabon-yodado-4000-ppm-germicida-desinfectante_6766cbf5_3-300x225.jpg\" alt=\"\" width=\"300\" height=\"225\" srcset=\"https:\/\/sutequim.com\/wp-content\/uploads\/2020\/09\/jabon-yodado-4000-ppm-germicida-desinfectante_6766cbf5_3-300x225.jpg 300w, https:\/\/sutequim.com\/wp-content\/uploads\/2020\/09\/jabon-yodado-4000-ppm-germicida-desinfectante_6766cbf5_3-150x113.jpg 150w, https:\/\/sutequim.com\/wp-content\/uploads\/2020\/09\/jabon-yodado-4000-ppm-germicida-desinfectante_6766cbf5_3.jpg 377w\" sizes=\"auto, (max-width: 300px) 100vw, 300px\" \/>Caracter\u00edsticas:<\/h4>\n<ul>\n<li style=\"text-align: justify;\"><strong>Detergente bactericida <\/strong>basado en yodo, formulado equilibradamente con detergentes ani\u00f3nicos <strong>BIODEGRADABLE<\/strong>, para ejercer dos funciones al mismo tiempo, como lo son: una limpieza a fondo y una profunda desinfecci\u00f3n. Es un producto totalmente <strong>soluble en agua<\/strong> a cualquier temperatura, sin importar la dureza de la misma. No produce vapores t\u00f3xicos ni irritaci\u00f3n en la piel. Su acci\u00f3n desinfectante es sumamente r\u00e1pida y superior que los compuestos basados en cloro, fenoles, amonio cuaternario y otros. <strong>Elimina <\/strong>microorganismos resistentes a los antibi\u00f3ticos y desinfectantes comunes. Es de acci\u00f3n esporicida, tuberculicida, pseudomicida, virucida y fungicida, posee un poder bactericida seg\u00fan el m\u00e9todo de U.S.A., A.O.A.C. (Organizaci\u00f3n Americana de Agricultura Qu\u00edmica) de 99.99% de E. Coli en 30 segundos.<\/li>\n<\/ul>\n<h4>\u00a0Usos:<\/h4>\n<ul>\n<li style=\"text-align: justify;\">Para desinfectar equipos quir\u00fargicos, odontol\u00f3gicos, veterinarios y hospitalarios en general, procesadoras de alimento, mataderos, granjas av\u00edcolas, embotelladoras y pescader\u00edas. Para la limpieza y desinfecci\u00f3n completa de pisos, paredes y ba\u00f1os, tanques e instalaciones de acero inoxidable en fabricas de dulces, enlatados, panader\u00edas y cervecer\u00edas.<\/li>\n<\/ul>\n<p><img loading=\"lazy\" decoding=\"async\" class=\"alignnone wp-image-629 size-full\" src=\"https:\/\/sutequim.com\/wp-content\/uploads\/2020\/09\/tabla-gerb.jpg\" alt=\"\" width=\"618\" height=\"326\" srcset=\"https:\/\/sutequim.com\/wp-content\/uploads\/2020\/09\/tabla-gerb.jpg 618w, https:\/\/sutequim.com\/wp-content\/uploads\/2020\/09\/tabla-gerb-300x158.jpg 300w, https:\/\/sutequim.com\/wp-content\/uploads\/2020\/09\/tabla-gerb-150x79.jpg 150w\" sizes=\"auto, (max-width: 618px) 100vw, 618px\" \/><\/p>\n<p><strong>\u00a0Nota: <\/strong>(a,b) acci\u00f3n desinfectante detergente.<\/p>\n<p>\u00a9 acci\u00f3n desinfectante limpiadora<\/p>\n<p>(d,e) desinfectante para enjuagar por inmersi\u00f3n<\/p>\n<p>(f) para rociado a presi\u00f3n (aspersi\u00f3n)<\/p>\n<h4>\u00a0Microorganismos abarcados por este producto:<\/h4>\n<p>Coli \u2013 S. Typhosa \u2013 S. Choleraesuis \u2013 Aerogenes \u2013 Penicillium Leteum \u2013 Pseudomonas Aereuginosa \u2013 Mosephiles Psychrophilic \u2013 Staphilococus Aereus.<\/p>\n","protected":false},"excerpt":{"rendered":"<p>Caracter\u00edsticas: Detergente bactericida basado en yodo, formulado equilibradamente con detergentes ani\u00f3nicos BIODEGRADABLE, para ejercer dos funciones al mismo tiempo, como lo son: una limpieza a fondo y una profunda desinfecci\u00f3n. Es un producto totalmente soluble en agua a cualquier temperatura, sin importar la dureza de la misma. No produce vapores&#8230;<\/p>\n<p> <a class=\"continue-reading-link\" href=\"https:\/\/sutequim.com\/?page_id=166\"><span>Continue reading<\/span><i class=\"crycon-right-dir\"><\/i><\/a> <\/p>\n","protected":false},"author":8,"featured_media":0,"parent":108,"menu_order":0,"comment_status":"closed","ping_status":"closed","template":"","meta":{"footnotes":""},"class_list":["post-166","page","type-page","status-publish","hentry"],"_links":{"self":[{"href":"https:\/\/sutequim.com\/index.php?rest_route=\/wp\/v2\/pages\/166","targetHints":{"allow":["GET"]}}],"collection":[{"href":"https:\/\/sutequim.com\/index.php?rest_route=\/wp\/v2\/pages"}],"about":[{"href":"https:\/\/sutequim.com\/index.php?rest_route=\/wp\/v2\/types\/page"}],"author":[{"embeddable":true,"href":"https:\/\/sutequim.com\/index.php?rest_route=\/wp\/v2\/users\/8"}],"replies":[{"embeddable":true,"href":"https:\/\/sutequim.com\/index.php?rest_route=%2Fwp%2Fv2%2Fcomments&post=166"}],"version-history":[{"count":4,"href":"https:\/\/sutequim.com\/index.php?rest_route=\/wp\/v2\/pages\/166\/revisions"}],"predecessor-version":[{"id":630,"href":"https:\/\/sutequim.com\/index.php?rest_route=\/wp\/v2\/pages\/166\/revisions\/630"}],"up":[{"embeddable":true,"href":"https:\/\/sutequim.com\/index.php?rest_route=\/wp\/v2\/pages\/108"}],"wp:attachment":[{"href":"https:\/\/sutequim.com\/index.php?rest_route=%2Fwp%2Fv2%2Fmedia&parent=166"}],"curies":[{"name":"wp","href":"https:\/\/api.w.org\/{rel}","templated":true}]}}