{"id":197,"date":"2017-05-26T13:44:50","date_gmt":"2017-05-26T13:44:50","guid":{"rendered":"http:\/\/www.sutequim.com\/?page_id=197"},"modified":"2017-05-26T13:44:50","modified_gmt":"2017-05-26T13:44:50","slug":"penetrante-afloja-tuercas-anticorrosivo","status":"publish","type":"page","link":"https:\/\/sutequim.com\/?page_id=197","title":{"rendered":"PENETRANTE AFLOJA TUERCAS ANTICORROSIVO"},"content":{"rendered":"<h4><strong><img loading=\"lazy\" decoding=\"async\" class=\"size-full wp-image-441 alignright\" src=\"https:\/\/sutequim.com\/wp-content\/uploads\/2017\/05\/afloja-tornillos.jpg\" alt=\"\" width=\"250\" height=\"250\" srcset=\"https:\/\/sutequim.com\/wp-content\/uploads\/2017\/05\/afloja-tornillos.jpg 250w, https:\/\/sutequim.com\/wp-content\/uploads\/2017\/05\/afloja-tornillos-150x150.jpg 150w\" sizes=\"auto, (max-width: 250px) 100vw, 250px\" \/>Caracter\u00edsticas:<\/strong><\/h4>\n<ul>\n<li style=\"text-align: justify;\">Afloja partes m\u00f3viles oxidadas.<\/li>\n<li style=\"text-align: justify;\">Act\u00faa como lubricante ligero.<\/li>\n<li style=\"text-align: justify;\">Proporciona una pel\u00edcula protectora que previene la oxidaci\u00f3n de metales ferrosos y no ferrosos.<\/li>\n<li style=\"text-align: justify;\">Remueve la grasa, el grafito, alquitr\u00e1n, el polvo y sucio.<\/li>\n<li style=\"text-align: justify;\">Desplaza la humedad de las superficies, tales como: buj\u00edas del encendido y puntos del distribuidor.<\/li>\n<li style=\"text-align: justify;\">Remueve y previene la corrosi\u00f3n en los cables y terminales de bater\u00edas.<\/li>\n<\/ul>\n<h4><strong>Usos:<\/strong><\/h4>\n<ul>\n<li style=\"text-align: justify;\">Para empresas de transporte y veh\u00edculos en general.<\/li>\n<li style=\"text-align: justify;\">Aisladores, tabiques y tuercas de aluminio, limpia conmutadores, arrancadores y distribuidores.<\/li>\n<li style=\"text-align: justify;\">Afloja los terminales de bater\u00edas, quita los dep\u00f3sitos de bromuro de carbono.<\/li>\n<li style=\"text-align: justify;\">Afloja piezas trabadas por el oxido, elimina el chirrido en las bisagras. Aplique una cantidad generosa, deje actuar por espacio de 15 minutos y luego afloje la pieza.<\/li>\n<\/ul>\n","protected":false},"excerpt":{"rendered":"<p>Caracter\u00edsticas: Afloja partes m\u00f3viles oxidadas. Act\u00faa como lubricante ligero. Proporciona una pel\u00edcula protectora que previene la oxidaci\u00f3n de metales ferrosos y no ferrosos. Remueve la grasa, el grafito, alquitr\u00e1n, el polvo y sucio. Desplaza la humedad de las superficies, tales como: buj\u00edas del encendido y puntos del distribuidor. Remueve y&#8230;<\/p>\n<p> <a class=\"continue-reading-link\" href=\"https:\/\/sutequim.com\/?page_id=197\"><span>Continue reading<\/span><i class=\"crycon-right-dir\"><\/i><\/a> <\/p>\n","protected":false},"author":8,"featured_media":0,"parent":113,"menu_order":0,"comment_status":"closed","ping_status":"closed","template":"","meta":{"footnotes":""},"class_list":["post-197","page","type-page","status-publish","hentry"],"_links":{"self":[{"href":"https:\/\/sutequim.com\/index.php?rest_route=\/wp\/v2\/pages\/197","targetHints":{"allow":["GET"]}}],"collection":[{"href":"https:\/\/sutequim.com\/index.php?rest_route=\/wp\/v2\/pages"}],"about":[{"href":"https:\/\/sutequim.com\/index.php?rest_route=\/wp\/v2\/types\/page"}],"author":[{"embeddable":true,"href":"https:\/\/sutequim.com\/index.php?rest_route=\/wp\/v2\/users\/8"}],"replies":[{"embeddable":true,"href":"https:\/\/sutequim.com\/index.php?rest_route=%2Fwp%2Fv2%2Fcomments&post=197"}],"version-history":[{"count":0,"href":"https:\/\/sutequim.com\/index.php?rest_route=\/wp\/v2\/pages\/197\/revisions"}],"up":[{"embeddable":true,"href":"https:\/\/sutequim.com\/index.php?rest_route=\/wp\/v2\/pages\/113"}],"wp:attachment":[{"href":"https:\/\/sutequim.com\/index.php?rest_route=%2Fwp%2Fv2%2Fmedia&parent=197"}],"curies":[{"name":"wp","href":"https:\/\/api.w.org\/{rel}","templated":true}]}}