{"id":211,"date":"2017-05-26T14:50:23","date_gmt":"2017-05-26T14:50:23","guid":{"rendered":"http:\/\/www.sutequim.com\/?page_id=211"},"modified":"2017-05-26T14:50:23","modified_gmt":"2017-05-26T14:50:23","slug":"lavaplatos","status":"publish","type":"page","link":"https:\/\/sutequim.com\/?page_id=211","title":{"rendered":"LAVAPLATOS"},"content":{"rendered":"<h4><strong><img loading=\"lazy\" decoding=\"async\" class=\"size-full wp-image-509 alignright\" src=\"https:\/\/sutequim.com\/wp-content\/uploads\/2017\/05\/lavaplatos.jpg\" alt=\"\" width=\"250\" height=\"250\" srcset=\"https:\/\/sutequim.com\/wp-content\/uploads\/2017\/05\/lavaplatos.jpg 250w, https:\/\/sutequim.com\/wp-content\/uploads\/2017\/05\/lavaplatos-150x150.jpg 150w\" sizes=\"auto, (max-width: 250px) 100vw, 250px\" \/>Caracter\u00edsticas:<\/strong><\/h4>\n<ul>\n<li style=\"text-align: justify;\">Contiene humectantes que evitan la resequedad de la piel.<\/li>\n<li style=\"text-align: justify;\">De acci\u00f3n r\u00e1pida.<\/li>\n<li style=\"text-align: justify;\">Evita la dermatitis.<\/li>\n<li style=\"text-align: justify;\">Es de alto poder quita grasa.<\/li>\n<li style=\"text-align: justify;\">Es altamente concentrado.<\/li>\n<li style=\"text-align: justify;\">No deja Residuo contaminantes.<\/li>\n<li style=\"text-align: justify;\">Es de mayor rendimiento y econom\u00eda<\/li>\n<li style=\"text-align: justify;\">Es<\/li>\n<li style=\"text-align: justify;\">Produce abundante espuma.<\/li>\n<li style=\"text-align: justify;\">Limpia los utensilios de cocina m\u00e1s grasientos como: sartenes, ollas, cacerolas, vasos, objetos de cristal y lozas, sin dejar marcas, emulsifica las grasas de cocina facilitando las operaciones de limpieza.<\/li>\n<\/ul>\n<p><img loading=\"lazy\" decoding=\"async\" class=\"alignnone size-full wp-image-511\" src=\"https:\/\/sutequim.com\/wp-content\/uploads\/2017\/05\/tabla-plavaplatos.jpg\" alt=\"\" width=\"594\" height=\"123\" srcset=\"https:\/\/sutequim.com\/wp-content\/uploads\/2017\/05\/tabla-plavaplatos.jpg 594w, https:\/\/sutequim.com\/wp-content\/uploads\/2017\/05\/tabla-plavaplatos-300x62.jpg 300w\" sizes=\"auto, (max-width: 594px) 100vw, 594px\" \/><\/p>\n<h4><strong>Usos:<\/strong><\/h4>\n<ul>\n<li style=\"text-align: justify;\">Para lavado de lozas, ollas, sartenes y vasos, diluir 2 onzas del producto por 4 Lts. de agua. Para Lavado de ollas, sartenes\u00a0 y cacerolas diluir 4 onzas del producto por cada 4 Lts de agua.<\/li>\n<li style=\"text-align: justify;\">VENEPLATE cumple con 1 excelente acci\u00f3n de limpieza en: lecher\u00edas, equipos industriales de pasteler\u00eda, frigor\u00edficos, procesadoras de alimentos, mataderos, comedores industriales, restaurantes y hoteles.<\/li>\n<\/ul>\n<h4><strong>\u00a0 <\/strong><strong>Precauciones:<\/strong><\/h4>\n<ul>\n<li>Puede ser da\u00f1ino si se ingiere.<\/li>\n<\/ul>\n","protected":false},"excerpt":{"rendered":"<p>Caracter\u00edsticas: Contiene humectantes que evitan la resequedad de la piel. De acci\u00f3n r\u00e1pida. Evita la dermatitis. Es de alto poder quita grasa. Es altamente concentrado. No deja Residuo contaminantes. Es de mayor rendimiento y econom\u00eda Es Produce abundante espuma. Limpia los utensilios de cocina m\u00e1s grasientos como: sartenes, ollas, cacerolas,&#8230;<\/p>\n<p> <a class=\"continue-reading-link\" href=\"https:\/\/sutequim.com\/?page_id=211\"><span>Continue reading<\/span><i class=\"crycon-right-dir\"><\/i><\/a> <\/p>\n","protected":false},"author":8,"featured_media":0,"parent":104,"menu_order":0,"comment_status":"closed","ping_status":"closed","template":"","meta":{"footnotes":""},"class_list":["post-211","page","type-page","status-publish","hentry"],"_links":{"self":[{"href":"https:\/\/sutequim.com\/index.php?rest_route=\/wp\/v2\/pages\/211","targetHints":{"allow":["GET"]}}],"collection":[{"href":"https:\/\/sutequim.com\/index.php?rest_route=\/wp\/v2\/pages"}],"about":[{"href":"https:\/\/sutequim.com\/index.php?rest_route=\/wp\/v2\/types\/page"}],"author":[{"embeddable":true,"href":"https:\/\/sutequim.com\/index.php?rest_route=\/wp\/v2\/users\/8"}],"replies":[{"embeddable":true,"href":"https:\/\/sutequim.com\/index.php?rest_route=%2Fwp%2Fv2%2Fcomments&post=211"}],"version-history":[{"count":0,"href":"https:\/\/sutequim.com\/index.php?rest_route=\/wp\/v2\/pages\/211\/revisions"}],"up":[{"embeddable":true,"href":"https:\/\/sutequim.com\/index.php?rest_route=\/wp\/v2\/pages\/104"}],"wp:attachment":[{"href":"https:\/\/sutequim.com\/index.php?rest_route=%2Fwp%2Fv2%2Fmedia&parent=211"}],"curies":[{"name":"wp","href":"https:\/\/api.w.org\/{rel}","templated":true}]}}