{"id":213,"date":"2017-05-26T14:57:49","date_gmt":"2017-05-26T14:57:49","guid":{"rendered":"http:\/\/www.sutequim.com\/?page_id=213"},"modified":"2020-09-16T14:41:24","modified_gmt":"2020-09-16T14:41:24","slug":"suavizante-liquido-lavanderia","status":"publish","type":"page","link":"https:\/\/sutequim.com\/?page_id=213","title":{"rendered":"SUAVIZANTE LIQUIDO LAVANDERIA"},"content":{"rendered":"<h4><strong><img loading=\"lazy\" decoding=\"async\" class=\"alignright wp-image-654 size-medium\" src=\"https:\/\/sutequim.com\/wp-content\/uploads\/2020\/09\/SUAVIZANTE-ROPA-300x135.jpg\" alt=\"\" width=\"300\" height=\"135\" srcset=\"https:\/\/sutequim.com\/wp-content\/uploads\/2020\/09\/SUAVIZANTE-ROPA-300x135.jpg 300w, https:\/\/sutequim.com\/wp-content\/uploads\/2020\/09\/SUAVIZANTE-ROPA-768x345.jpg 768w, https:\/\/sutequim.com\/wp-content\/uploads\/2020\/09\/SUAVIZANTE-ROPA-150x67.jpg 150w, https:\/\/sutequim.com\/wp-content\/uploads\/2020\/09\/SUAVIZANTE-ROPA.jpg 1024w\" sizes=\"auto, (max-width: 300px) 100vw, 300px\" \/>Caracter\u00edsticas:<\/strong><\/h4>\n<ul>\n<li style=\"text-align: justify;\">Suaviza todo tipo de tejidos, jeans, toallas, sabanas, manteles, ropa de algod\u00f3n, etc.<\/li>\n<li style=\"text-align: justify;\">Posee una agradable fragancia.<\/li>\n<li style=\"text-align: justify;\">Protege y prolonga la vida de las telas.<\/li>\n<li style=\"text-align: justify;\">Facilita el planchado de la ropa.<\/li>\n<\/ul>\n<h4><strong>Aplicaci\u00f3n:<\/strong><\/h4>\n<ul>\n<li style=\"text-align: justify;\">Si utiliza el suavizante en lavadoras, a\u00f1ada \u00bd taza el ultimo enjuague.<\/li>\n<li style=\"text-align: justify;\">Para el lavado a mano, despu\u00e9s del \u00faltimo enjuague, disuelva \u00bc de taza en un tobo con agua y deje la ropa en remojo por unos diez minutos. Escurra sin enjuagar.<\/li>\n<\/ul>\n<h4><strong>Precauciones:<\/strong><\/h4>\n<ul>\n<li style=\"text-align: justify;\">No agregue suavizante directamente a la ropa.<\/li>\n<li style=\"text-align: justify;\">Vi\u00e9rtalo en el proceso de enjuague o directamente al agua para el proceso de enjuague manual.<\/li>\n<li style=\"text-align: justify;\">Mant\u00e9ngase fuera del alcance de los ni\u00f1os. En caso de ingesti\u00f3n acuda al medico, no tiene ant\u00eddoto especifico, tratamiento sintom\u00e1tico y de sost\u00e9n.<\/li>\n<\/ul>\n","protected":false},"excerpt":{"rendered":"<p>Caracter\u00edsticas: Suaviza todo tipo de tejidos, jeans, toallas, sabanas, manteles, ropa de algod\u00f3n, etc. Posee una agradable fragancia. Protege y prolonga la vida de las telas. Facilita el planchado de la ropa. Aplicaci\u00f3n: Si utiliza el suavizante en lavadoras, a\u00f1ada \u00bd taza el ultimo enjuague. Para el lavado a mano,&#8230;<\/p>\n<p> <a class=\"continue-reading-link\" href=\"https:\/\/sutequim.com\/?page_id=213\"><span>Continue reading<\/span><i class=\"crycon-right-dir\"><\/i><\/a> <\/p>\n","protected":false},"author":8,"featured_media":0,"parent":104,"menu_order":0,"comment_status":"closed","ping_status":"closed","template":"","meta":{"footnotes":""},"class_list":["post-213","page","type-page","status-publish","hentry"],"_links":{"self":[{"href":"https:\/\/sutequim.com\/index.php?rest_route=\/wp\/v2\/pages\/213","targetHints":{"allow":["GET"]}}],"collection":[{"href":"https:\/\/sutequim.com\/index.php?rest_route=\/wp\/v2\/pages"}],"about":[{"href":"https:\/\/sutequim.com\/index.php?rest_route=\/wp\/v2\/types\/page"}],"author":[{"embeddable":true,"href":"https:\/\/sutequim.com\/index.php?rest_route=\/wp\/v2\/users\/8"}],"replies":[{"embeddable":true,"href":"https:\/\/sutequim.com\/index.php?rest_route=%2Fwp%2Fv2%2Fcomments&post=213"}],"version-history":[{"count":1,"href":"https:\/\/sutequim.com\/index.php?rest_route=\/wp\/v2\/pages\/213\/revisions"}],"predecessor-version":[{"id":655,"href":"https:\/\/sutequim.com\/index.php?rest_route=\/wp\/v2\/pages\/213\/revisions\/655"}],"up":[{"embeddable":true,"href":"https:\/\/sutequim.com\/index.php?rest_route=\/wp\/v2\/pages\/104"}],"wp:attachment":[{"href":"https:\/\/sutequim.com\/index.php?rest_route=%2Fwp%2Fv2%2Fmedia&parent=213"}],"curies":[{"name":"wp","href":"https:\/\/api.w.org\/{rel}","templated":true}]}}