{"id":270,"date":"2017-05-29T13:28:50","date_gmt":"2017-05-29T13:28:50","guid":{"rendered":"http:\/\/www.sutequim.com\/?page_id=270"},"modified":"2017-05-29T13:28:50","modified_gmt":"2017-05-29T13:28:50","slug":"limpiador-extra-fuerte-para-las-manos","status":"publish","type":"page","link":"https:\/\/sutequim.com\/?page_id=270","title":{"rendered":"LIMPIADOR EXTRA FUERTE PARA LAS MANOS"},"content":{"rendered":"<h4><strong>\u00a0<img loading=\"lazy\" decoding=\"async\" class=\"size-full wp-image-515 alignright\" src=\"https:\/\/sutequim.com\/wp-content\/uploads\/2017\/05\/LIMPIADOR-EXTRA-FUERTE-PARA.jpg\" alt=\"\" width=\"250\" height=\"250\" srcset=\"https:\/\/sutequim.com\/wp-content\/uploads\/2017\/05\/LIMPIADOR-EXTRA-FUERTE-PARA.jpg 250w, https:\/\/sutequim.com\/wp-content\/uploads\/2017\/05\/LIMPIADOR-EXTRA-FUERTE-PARA-150x150.jpg 150w\" sizes=\"auto, (max-width: 250px) 100vw, 250px\" \/>Caracter\u00edsticas:<\/strong><\/h4>\n<ul>\n<li style=\"text-align: justify;\">Esta poderosa y concentrada loci\u00f3n de limpieza profunda para las manos, remueve con facilidad y r\u00e1pidamente las grasas, aceites, tintas, carb\u00f3n y todo tipo de sucio adherido a las manos.<\/li>\n<li style=\"text-align: justify;\">Sus componentes, con ingredientes a base de aceites, emulsificadores de grasas, lanolina y jab\u00f3n de coco, le confiere caracter\u00edsticas especiales como un desengrasante extra fuerte para las manos.<\/li>\n<li style=\"text-align: justify;\">Es <strong>BIODEGRADABLE<\/strong>.<\/li>\n<li style=\"text-align: justify;\">Es econ\u00f3mico, puede ser diluido de (1) parte del producto hasta en (6) de agua.<\/li>\n<li style=\"text-align: justify;\">No es abrasivo, no contiene agentes c\u00e1usticos o abrasivos, es un producto suave para la piel.<\/li>\n<\/ul>\n<h4><strong>Aplicaci\u00f3n:<\/strong><\/h4>\n<ul>\n<li>Dil\u00fayalo con agua en una proporci\u00f3n adecuada seg\u00fan el grado de grasa adherido a las manos.<\/li>\n<li>Se recomienda mezclarlo con agua en una relaci\u00f3n de (1) parte del producto por (3) a (6) de agua.<\/li>\n<li>Se recomienda usarlo puro en cantidades peque\u00f1as para casos extremos de sucio.<\/li>\n<li>Es de gran utilidad el uso de dispensadores de jab\u00f3n l\u00edquido.<\/li>\n<\/ul>\n<h4><strong>Indicaciones:<\/strong><\/h4>\n<ul>\n<li style=\"text-align: justify;\">Si utiliza el suavizante en lavadoras, a\u00f1ada \u00bd taza el ultimo enjuague.<\/li>\n<li style=\"text-align: justify;\">Para el lavado a mano, despu\u00e9s del \u00faltimo enjuague, disuelva \u00bc de taza en un tobo con agua y deje la ropa en remojo por unos diez minutos. Escurra sin enjuagar.<\/li>\n<\/ul>\n","protected":false},"excerpt":{"rendered":"<p>\u00a0Caracter\u00edsticas: Esta poderosa y concentrada loci\u00f3n de limpieza profunda para las manos, remueve con facilidad y r\u00e1pidamente las grasas, aceites, tintas, carb\u00f3n y todo tipo de sucio adherido a las manos. Sus componentes, con ingredientes a base de aceites, emulsificadores de grasas, lanolina y jab\u00f3n de coco, le confiere caracter\u00edsticas&#8230;<\/p>\n<p> <a class=\"continue-reading-link\" href=\"https:\/\/sutequim.com\/?page_id=270\"><span>Continue reading<\/span><i class=\"crycon-right-dir\"><\/i><\/a> <\/p>\n","protected":false},"author":8,"featured_media":0,"parent":108,"menu_order":0,"comment_status":"closed","ping_status":"closed","template":"","meta":{"footnotes":""},"class_list":["post-270","page","type-page","status-publish","hentry"],"_links":{"self":[{"href":"https:\/\/sutequim.com\/index.php?rest_route=\/wp\/v2\/pages\/270","targetHints":{"allow":["GET"]}}],"collection":[{"href":"https:\/\/sutequim.com\/index.php?rest_route=\/wp\/v2\/pages"}],"about":[{"href":"https:\/\/sutequim.com\/index.php?rest_route=\/wp\/v2\/types\/page"}],"author":[{"embeddable":true,"href":"https:\/\/sutequim.com\/index.php?rest_route=\/wp\/v2\/users\/8"}],"replies":[{"embeddable":true,"href":"https:\/\/sutequim.com\/index.php?rest_route=%2Fwp%2Fv2%2Fcomments&post=270"}],"version-history":[{"count":0,"href":"https:\/\/sutequim.com\/index.php?rest_route=\/wp\/v2\/pages\/270\/revisions"}],"up":[{"embeddable":true,"href":"https:\/\/sutequim.com\/index.php?rest_route=\/wp\/v2\/pages\/108"}],"wp:attachment":[{"href":"https:\/\/sutequim.com\/index.php?rest_route=%2Fwp%2Fv2%2Fmedia&parent=270"}],"curies":[{"name":"wp","href":"https:\/\/api.w.org\/{rel}","templated":true}]}}