{"id":282,"date":"2017-05-29T20:10:33","date_gmt":"2017-05-29T20:10:33","guid":{"rendered":"http:\/\/www.sutequim.com\/?page_id=282"},"modified":"2017-05-29T20:10:33","modified_gmt":"2017-05-29T20:10:33","slug":"limpiador-de-serpentines","status":"publish","type":"page","link":"https:\/\/sutequim.com\/?page_id=282","title":{"rendered":"LIMPIADOR DE SERPENTINES"},"content":{"rendered":"<h4><img loading=\"lazy\" decoding=\"async\" class=\"size-full wp-image-513 alignright\" src=\"https:\/\/sutequim.com\/wp-content\/uploads\/2017\/05\/limpiador-de-serpentines.jpg\" alt=\"\" width=\"250\" height=\"250\" srcset=\"https:\/\/sutequim.com\/wp-content\/uploads\/2017\/05\/limpiador-de-serpentines.jpg 250w, https:\/\/sutequim.com\/wp-content\/uploads\/2017\/05\/limpiador-de-serpentines-150x150.jpg 150w\" sizes=\"auto, (max-width: 250px) 100vw, 250px\" \/>Caracter\u00edsticas:<\/h4>\n<ul>\n<li style=\"text-align: justify;\">Es una nueva formulaci\u00f3n para limpiar y eliminar con facilidad grasas y el sucio adherido a los serpentines de evaporaci\u00f3n y condensaci\u00f3n de los equipos de aire y sistemas de refrigeraci\u00f3n; tambi\u00e9n puede ser usado para limpiar filtros permanentes.<\/li>\n<li style=\"text-align: justify;\">La alta concentraci\u00f3n permite diluirlo, lo cual ayuda a reducir los costos por concepto de producto, adicionalmente su acci\u00f3n efectiva de limpieza ahorra tiempo, trabajo y la paralizaci\u00f3n de los equipos por tiempos prolongados.<\/li>\n<li style=\"text-align: justify;\">Es un compuesto de detergentes y limpiadores basado en \u00e1lcalis; esta combinaci\u00f3n de ingredientes es efectiva para emulsificar los aceites, grasas y mugre que se acumulan en los serpentines de evaporaci\u00f3n y condensaci\u00f3n.<\/li>\n<\/ul>\n<h4>\u00a0Aplicaciones:<\/h4>\n<ul>\n<li style=\"text-align: justify;\">Puede ser diluido de (1) parte del producto en (7) \u00f3 (10) de agua, dependiendo del grado de sucio adherido a los equipos.<\/li>\n<li style=\"text-align: justify;\">Debe rociarse sobre el \u00e1rea aplicar y dejarlo por espacio de 10 minutos en contacto directo, de manera que su acci\u00f3n disolvente de grasas actu\u00e9 sobre la mugre adherida a los equipos.<\/li>\n<li style=\"text-align: justify;\">Despu\u00e9s de seta operaci\u00f3n debe enjuagar con abundante agua a presi\u00f3n.<\/li>\n<\/ul>\n<h4>\u00a0Precauciones:<\/h4>\n<ul>\n<li style=\"text-align: justify;\">No encienda los equipos hasta tanto no sean bien enjuagados con abundante agua, limpiar en un \u00e1rea ventilada no respirar los vapores pueden ser t\u00f3xicos, este producto es alcalino por tanto debe enjuagarse bien.<\/li>\n<\/ul>\n","protected":false},"excerpt":{"rendered":"<p>Caracter\u00edsticas: Es una nueva formulaci\u00f3n para limpiar y eliminar con facilidad grasas y el sucio adherido a los serpentines de evaporaci\u00f3n y condensaci\u00f3n de los equipos de aire y sistemas de refrigeraci\u00f3n; tambi\u00e9n puede ser usado para limpiar filtros permanentes. La alta concentraci\u00f3n permite diluirlo, lo cual ayuda a reducir&#8230;<\/p>\n<p> <a class=\"continue-reading-link\" href=\"https:\/\/sutequim.com\/?page_id=282\"><span>Continue reading<\/span><i class=\"crycon-right-dir\"><\/i><\/a> <\/p>\n","protected":false},"author":8,"featured_media":0,"parent":125,"menu_order":0,"comment_status":"closed","ping_status":"closed","template":"","meta":{"footnotes":""},"class_list":["post-282","page","type-page","status-publish","hentry"],"_links":{"self":[{"href":"https:\/\/sutequim.com\/index.php?rest_route=\/wp\/v2\/pages\/282","targetHints":{"allow":["GET"]}}],"collection":[{"href":"https:\/\/sutequim.com\/index.php?rest_route=\/wp\/v2\/pages"}],"about":[{"href":"https:\/\/sutequim.com\/index.php?rest_route=\/wp\/v2\/types\/page"}],"author":[{"embeddable":true,"href":"https:\/\/sutequim.com\/index.php?rest_route=\/wp\/v2\/users\/8"}],"replies":[{"embeddable":true,"href":"https:\/\/sutequim.com\/index.php?rest_route=%2Fwp%2Fv2%2Fcomments&post=282"}],"version-history":[{"count":0,"href":"https:\/\/sutequim.com\/index.php?rest_route=\/wp\/v2\/pages\/282\/revisions"}],"up":[{"embeddable":true,"href":"https:\/\/sutequim.com\/index.php?rest_route=\/wp\/v2\/pages\/125"}],"wp:attachment":[{"href":"https:\/\/sutequim.com\/index.php?rest_route=%2Fwp%2Fv2%2Fmedia&parent=282"}],"curies":[{"name":"wp","href":"https:\/\/api.w.org\/{rel}","templated":true}]}}