{"id":294,"date":"2017-05-29T20:41:56","date_gmt":"2017-05-29T20:41:56","guid":{"rendered":"http:\/\/www.sutequim.com\/?page_id=294"},"modified":"2020-09-18T12:31:41","modified_gmt":"2020-09-18T12:31:41","slug":"detergente-concentrado-para-toda-superficie-lavable","status":"publish","type":"page","link":"https:\/\/sutequim.com\/?page_id=294","title":{"rendered":"DETERGENTE CONCENTRADO PARA TODA SUPERFICIE LAVABLE"},"content":{"rendered":"<h4><img loading=\"lazy\" decoding=\"async\" class=\"size-medium wp-image-678 alignright\" src=\"https:\/\/sutequim.com\/wp-content\/uploads\/2020\/09\/mid_36402-714-agua-detergente-para-intentar-mejorar-limpieza-ciudad-300x200.jpg\" alt=\"\" width=\"300\" height=\"200\" srcset=\"https:\/\/sutequim.com\/wp-content\/uploads\/2020\/09\/mid_36402-714-agua-detergente-para-intentar-mejorar-limpieza-ciudad-300x200.jpg 300w, https:\/\/sutequim.com\/wp-content\/uploads\/2020\/09\/mid_36402-714-agua-detergente-para-intentar-mejorar-limpieza-ciudad-150x100.jpg 150w, https:\/\/sutequim.com\/wp-content\/uploads\/2020\/09\/mid_36402-714-agua-detergente-para-intentar-mejorar-limpieza-ciudad.jpg 670w\" sizes=\"auto, (max-width: 300px) 100vw, 300px\" \/>Caracter\u00edsticas:<\/h4>\n<ul>\n<li style=\"text-align: justify;\">Es un limpiador poderoso, su formulaci\u00f3n activa permite limpiar cualquier tipo de superficie que el agua no da\u00f1e. es econ\u00f3mico. Pudiendo ser diluido hasta en 20 parte con agua manteniendo su efectividad y ahorrando trabajo. Es efectivo, su formulaci\u00f3n contiene emulsificantes disolventes y detergentes sint\u00e9ticos que trabajan estrechamente unidos para eliminar una amplia variedad de sucios<\/li>\n<li style=\"text-align: justify;\">Es seguro porque no da\u00f1a superficies pintadas, ni corroe los metales y es perfectamente <strong>BIODEGRADABLE<\/strong>. Como limpiador concentrado, su poder de acci\u00f3n de trabajo es mayor al de los limpiadores convencionales basados en agua. Al ser diluido en grandes porciones de agua lo convierte en un limpiador muy econ\u00f3mico, puede ser usado donde otros productos del mercado no han podido resolver los problemas de limpieza.<\/li>\n<\/ul>\n<h4>Usos:<\/h4>\n<ul>\n<li style=\"text-align: justify;\">Para pisos y paredes pintadas diluir (1) parte de producto en (10) partes de agua.<\/li>\n<li style=\"text-align: justify;\">Para superficie de porcelana o cer\u00e1micas, diluir (1) parte de producto en (15) partes de agua. Cueros, semicueros, pl\u00e1sticos, formica, diluir (1) parte en (10) partes de agua<\/li>\n<li style=\"text-align: justify;\">En mercados de carnes, cocinas de hoteles, restaurantes, plantas procesadoras de alimento e industria en general, diluir (1) parte de producto con (10) partes de agua.<\/li>\n<li style=\"text-align: justify;\">Para limpieza de vidrios, se puede diluir hasta con 100 partes de agua.<\/li>\n<\/ul>\n<h4>Precauciones:<\/h4>\n<ul>\n<li style=\"text-align: justify;\">Puede ser da\u00f1ino si se ingiere. Mant\u00e9ngase alejado de los ni\u00f1os. El envase debe estar bien cerrado y a temperatura ambiente.<\/li>\n<\/ul>\n","protected":false},"excerpt":{"rendered":"<p>Caracter\u00edsticas: Es un limpiador poderoso, su formulaci\u00f3n activa permite limpiar cualquier tipo de superficie que el agua no da\u00f1e. es econ\u00f3mico. Pudiendo ser diluido hasta en 20 parte con agua manteniendo su efectividad y ahorrando trabajo. Es efectivo, su formulaci\u00f3n contiene emulsificantes disolventes y detergentes sint\u00e9ticos que trabajan estrechamente unidos&#8230;<\/p>\n<p> <a class=\"continue-reading-link\" href=\"https:\/\/sutequim.com\/?page_id=294\"><span>Continue reading<\/span><i class=\"crycon-right-dir\"><\/i><\/a> <\/p>\n","protected":false},"author":8,"featured_media":0,"parent":106,"menu_order":0,"comment_status":"closed","ping_status":"closed","template":"","meta":{"footnotes":""},"class_list":["post-294","page","type-page","status-publish","hentry"],"_links":{"self":[{"href":"https:\/\/sutequim.com\/index.php?rest_route=\/wp\/v2\/pages\/294","targetHints":{"allow":["GET"]}}],"collection":[{"href":"https:\/\/sutequim.com\/index.php?rest_route=\/wp\/v2\/pages"}],"about":[{"href":"https:\/\/sutequim.com\/index.php?rest_route=\/wp\/v2\/types\/page"}],"author":[{"embeddable":true,"href":"https:\/\/sutequim.com\/index.php?rest_route=\/wp\/v2\/users\/8"}],"replies":[{"embeddable":true,"href":"https:\/\/sutequim.com\/index.php?rest_route=%2Fwp%2Fv2%2Fcomments&post=294"}],"version-history":[{"count":1,"href":"https:\/\/sutequim.com\/index.php?rest_route=\/wp\/v2\/pages\/294\/revisions"}],"predecessor-version":[{"id":679,"href":"https:\/\/sutequim.com\/index.php?rest_route=\/wp\/v2\/pages\/294\/revisions\/679"}],"up":[{"embeddable":true,"href":"https:\/\/sutequim.com\/index.php?rest_route=\/wp\/v2\/pages\/106"}],"wp:attachment":[{"href":"https:\/\/sutequim.com\/index.php?rest_route=%2Fwp%2Fv2%2Fmedia&parent=294"}],"curies":[{"name":"wp","href":"https:\/\/api.w.org\/{rel}","templated":true}]}}