{"id":318,"date":"2017-05-29T23:09:20","date_gmt":"2017-05-29T23:09:20","guid":{"rendered":"http:\/\/www.sutequim.com\/?page_id=318"},"modified":"2017-05-29T23:09:20","modified_gmt":"2017-05-29T23:09:20","slug":"solvente-dielectrico-ecologico-de-alta-seguridad","status":"publish","type":"page","link":"https:\/\/sutequim.com\/?page_id=318","title":{"rendered":"SOLVENTE  DIEL\u00c9CTRICO ECOL\u00d3GICO DE ALTA SEGURIDAD"},"content":{"rendered":"<p><img loading=\"lazy\" decoding=\"async\" class=\"size-full wp-image-497 alignright\" src=\"https:\/\/sutequim.com\/wp-content\/uploads\/2017\/05\/DIELECTRICO-ECOLOGICO-1.jpg\" alt=\"\" width=\"250\" height=\"250\" \/><\/p>\n<ul>\n<li>No tiene solventes clorados.<\/li>\n<li>Biodegradable en base a terpenos c\u00edtricos.<\/li>\n<li>No contiene solventes fluorados.<\/li>\n<li>Altamente desengrasante.<\/li>\n<li>Evaporaci\u00f3n controlada.<\/li>\n<li>Constante diel\u00e9ctrica de 30 Kv.<\/li>\n<\/ul>\n<p>Es una mezcla estable de solventes naturales biodegradables y solventes minerales, de evaporaci\u00f3n lenta.\u00a0 No contiene solventes clorados ni fluorados contaminantes del ambiente.\u00a0 Est\u00e1 basado en solventes naturales c\u00edtricos biodegradables no t\u00f3xicos y altamente efectivos en su fuerza desengrasante, que a la vez le confieren un agradable olor c\u00edtrico.<\/p>\n<h4>Usos:<\/h4>\n<p>Poderoso desengrasante que elimina las grasas, aceites y sucios pesados de los equipos industriales, sin da\u00f1ar la mayor\u00eda de los pl\u00e1sticos.\u00a0 Dise\u00f1ado para la limpieza de motores el\u00e9ctricos apagados.\u00a0 <strong>NO EN FUNCIONAMIENTO<\/strong>.\u00a0 Una vez usado puede filtrarse y ser rehusado sin mayores problemas.<\/p>\n","protected":false},"excerpt":{"rendered":"<p>No tiene solventes clorados. Biodegradable en base a terpenos c\u00edtricos. No contiene solventes fluorados. Altamente desengrasante. Evaporaci\u00f3n controlada. Constante diel\u00e9ctrica de 30 Kv. Es una mezcla estable de solventes naturales biodegradables y solventes minerales, de evaporaci\u00f3n lenta.\u00a0 No contiene solventes clorados ni fluorados contaminantes del ambiente.\u00a0 Est\u00e1 basado en solventes&#8230;<\/p>\n<p> <a class=\"continue-reading-link\" href=\"https:\/\/sutequim.com\/?page_id=318\"><span>Continue reading<\/span><i class=\"crycon-right-dir\"><\/i><\/a> <\/p>\n","protected":false},"author":8,"featured_media":0,"parent":117,"menu_order":0,"comment_status":"closed","ping_status":"closed","template":"","meta":{"footnotes":""},"class_list":["post-318","page","type-page","status-publish","hentry"],"_links":{"self":[{"href":"https:\/\/sutequim.com\/index.php?rest_route=\/wp\/v2\/pages\/318","targetHints":{"allow":["GET"]}}],"collection":[{"href":"https:\/\/sutequim.com\/index.php?rest_route=\/wp\/v2\/pages"}],"about":[{"href":"https:\/\/sutequim.com\/index.php?rest_route=\/wp\/v2\/types\/page"}],"author":[{"embeddable":true,"href":"https:\/\/sutequim.com\/index.php?rest_route=\/wp\/v2\/users\/8"}],"replies":[{"embeddable":true,"href":"https:\/\/sutequim.com\/index.php?rest_route=%2Fwp%2Fv2%2Fcomments&post=318"}],"version-history":[{"count":0,"href":"https:\/\/sutequim.com\/index.php?rest_route=\/wp\/v2\/pages\/318\/revisions"}],"up":[{"embeddable":true,"href":"https:\/\/sutequim.com\/index.php?rest_route=\/wp\/v2\/pages\/117"}],"wp:attachment":[{"href":"https:\/\/sutequim.com\/index.php?rest_route=%2Fwp%2Fv2%2Fmedia&parent=318"}],"curies":[{"name":"wp","href":"https:\/\/api.w.org\/{rel}","templated":true}]}}