{"id":578,"date":"2020-09-08T13:27:21","date_gmt":"2020-09-08T13:27:21","guid":{"rendered":"https:\/\/sutequim.com\/?page_id=578"},"modified":"2020-09-18T12:16:06","modified_gmt":"2020-09-18T12:16:06","slug":"espuma-limpiadora-y-desinfectante-clorada-grado-alimenticio","status":"publish","type":"page","link":"https:\/\/sutequim.com\/?page_id=578","title":{"rendered":"ESPUMA LIMPIADORA Y DESINFECTANTE CLORADA GRADO ALIMENTICIO"},"content":{"rendered":"<p><img loading=\"lazy\" decoding=\"async\" class=\"size-medium wp-image-581 alignright\" src=\"https:\/\/sutequim.com\/wp-content\/uploads\/2020\/09\/P154002-300x201.jpg\" alt=\"\" width=\"300\" height=\"201\" srcset=\"https:\/\/sutequim.com\/wp-content\/uploads\/2020\/09\/P154002-300x201.jpg 300w, https:\/\/sutequim.com\/wp-content\/uploads\/2020\/09\/P154002-150x100.jpg 150w, https:\/\/sutequim.com\/wp-content\/uploads\/2020\/09\/P154002.jpg 448w\" sizes=\"auto, (max-width: 300px) 100vw, 300px\" \/>Es un detergente espumante l\u00edquido,\u00a0 fuertemente alcalino y clorado con agentes especiales para ser usado en metales ligeros.<\/p>\n<p>\u00d3ptimo para la limpieza exterior de tanques, pisos, m\u00e1quinas llenadoras, transportadores, paredes, todo tipo de equipos, instrumentos y superficies en la industria alimenticia, av\u00edcola, procesadora de frutas, bebidas y cerveceras.<\/p>\n<h4><strong>Propiedades:<\/strong><\/h4>\n<p>Espuma limpiadora alcalina y desinfectante<\/p>\n<p>Su formulaci\u00f3n avanzada rompe y limpia los sucios de prote\u00edna y grasa.<\/p>\n<p>Contiene poderoso desinfectante que mata todo tipo de microorganismos en un s\u00f3lo paso.<\/p>\n<p>Remueve la decoloraci\u00f3n y manchas de la mayor\u00eda de\u00a0 superficies.<\/p>\n<p>Vers\u00e1til,\u00a0 efectivo cuando es usado con equipos\u00a0 limpiadores de alta presi\u00f3n o limpieza manual.<\/p>\n<p>Para ser usado en acero inoxidable, aluminio, cer\u00e1mica, pl\u00e1sticos y superficies galvanizadas a las concentraciones recomendadas.<\/p>\n<h4><strong>Fuertes propiedades espumantes:<\/strong><\/h4>\n<p>Produce una delgada y estable capa de espuma, la cual se adhiere a las superficies proveyendo una efectiva acci\u00f3n limpiadora.<\/p>\n<p>La espuma es estable a altas temperaturas del agua (hasta 50\u00baC) aumentando la limpieza.<\/p>\n<p>Se enjuaga f\u00e1cil y completamente.<\/p>\n<h4><strong>Ahorra tiempo, mano de obra, agua y\u00a0 dinero:<\/strong><\/h4>\n<p>Limpieza y enjuague r\u00e1pido.<\/p>\n<p>No requiere de ning\u00fan esfuerzo mec\u00e1nico.<\/p>\n<p>Requiere menos agua de enjuague.<\/p>\n<p>Responsable con el ambiente:<\/p>\n<p>Contiene f\u00f3sforo inorg\u00e1nico.<\/p>\n<p>Contiene componentes biodegradables.<\/p>\n<h4><strong>Aplicaci\u00f3n:<\/strong><\/h4>\n<ol>\n<li>Enjuague la superficie a ser limpiada con agua tibia 40\u00b0-60\u00b0 C.<\/li>\n<li>Aplique una soluci\u00f3n al 2-5%. La soluci\u00f3n puede tambi\u00e9n ser aplicada con equipos de rociado a presi\u00f3n. No aplique a superficies calientes.<\/li>\n<li>Deje actuar la espuma por 10 minutos. No permita que la espuma se seque en la superficie para evitar films de s\u00edlice.<\/li>\n<li>Enjuague completamente con agua tibia.<\/li>\n<\/ol>\n<h4><strong>Caracteristicas:<\/strong><\/h4>\n<p>&gt;\u00a0Limpia y desinfecta.<\/p>\n<p>&gt;\u00a0Efectivo con equipos espumador o manual.<\/p>\n<p>&gt;\u00a0Contiene componentes biodegradables<\/p>\n<p>&gt;\u00a0Elimina todo tipo de\u00a0 microorganismos<\/p>\n<p>&gt;\u00a0Muy concentrado.<\/p>\n<p>&gt;\u00a0No ataca los equipos, utensilios ni superficies.<\/p>\n<p>&gt; Ahorra tiempo y esfuerzo, no requiere frotado<\/p>\n<h4><strong>Precauciones:<\/strong><\/h4>\n<ul>\n<li>Mant\u00e9ngase fuera del alcance de los ni\u00f1os.<\/li>\n<li>Mantenga el envase cerrado y\u00a0 protegido.<\/li>\n<li>Evite contacto con los ojos.<\/li>\n<li>No ingerir.<\/li>\n<\/ul>\n","protected":false},"excerpt":{"rendered":"<p>Es un detergente espumante l\u00edquido,\u00a0 fuertemente alcalino y clorado con agentes especiales para ser usado en metales ligeros. \u00d3ptimo para la limpieza exterior de tanques, pisos, m\u00e1quinas llenadoras, transportadores, paredes, todo tipo de equipos, instrumentos y superficies en la industria alimenticia, av\u00edcola, procesadora de frutas, bebidas y cerveceras. Propiedades: Espuma&#8230;<\/p>\n<p> <a class=\"continue-reading-link\" href=\"https:\/\/sutequim.com\/?page_id=578\"><span>Continue reading<\/span><i class=\"crycon-right-dir\"><\/i><\/a> <\/p>\n","protected":false},"author":8,"featured_media":0,"parent":98,"menu_order":0,"comment_status":"closed","ping_status":"closed","template":"","meta":{"footnotes":""},"class_list":["post-578","page","type-page","status-publish","hentry"],"_links":{"self":[{"href":"https:\/\/sutequim.com\/index.php?rest_route=\/wp\/v2\/pages\/578","targetHints":{"allow":["GET"]}}],"collection":[{"href":"https:\/\/sutequim.com\/index.php?rest_route=\/wp\/v2\/pages"}],"about":[{"href":"https:\/\/sutequim.com\/index.php?rest_route=\/wp\/v2\/types\/page"}],"author":[{"embeddable":true,"href":"https:\/\/sutequim.com\/index.php?rest_route=\/wp\/v2\/users\/8"}],"replies":[{"embeddable":true,"href":"https:\/\/sutequim.com\/index.php?rest_route=%2Fwp%2Fv2%2Fcomments&post=578"}],"version-history":[{"count":9,"href":"https:\/\/sutequim.com\/index.php?rest_route=\/wp\/v2\/pages\/578\/revisions"}],"predecessor-version":[{"id":670,"href":"https:\/\/sutequim.com\/index.php?rest_route=\/wp\/v2\/pages\/578\/revisions\/670"}],"up":[{"embeddable":true,"href":"https:\/\/sutequim.com\/index.php?rest_route=\/wp\/v2\/pages\/98"}],"wp:attachment":[{"href":"https:\/\/sutequim.com\/index.php?rest_route=%2Fwp%2Fv2%2Fmedia&parent=578"}],"curies":[{"name":"wp","href":"https:\/\/api.w.org\/{rel}","templated":true}]}}